{"id":2491,"date":"2024-01-02T21:53:22","date_gmt":"2024-01-02T20:53:22","guid":{"rendered":"https:\/\/nereacanteranutricionista.es\/?page_id=2491"},"modified":"2024-01-02T22:41:42","modified_gmt":"2024-01-02T21:41:42","slug":"proteccion-datos-correos","status":"publish","type":"page","link":"https:\/\/nereacanteranutricionista.es\/index.php\/proteccion-datos-correos\/","title":{"rendered":"PROTECCION DE DATOS RELATIVO A CORREOS ELECTRONICOS"},"content":{"rendered":"\n<p><\/p>\n\n\n\n<p>Responsable: NEREA CANTERA GARC\u00cdA.<\/p>\n\n\n\n<p><strong>Finalidades: <\/strong>Gestionar la relaci\u00f3n precontractual\/contractual entre las partes, as\u00ed como las comunicaciones v\u00eda correo electr\u00f3nico derivadas de la misma, proporcionarle informaci\u00f3n puntual, gestionar y ejecutar las actividades, acciones y obligaciones del Responsable. <\/p>\n\n\n\n<p><strong>Legitimaci\u00f3n:<\/strong> El inter\u00e9s leg\u00edtimo por parte del Responsable, as\u00ed como las obligaciones legales que nos apliquen.<\/p>\n\n\n\n<p><strong>Destinatarios:<\/strong> No se ceder\u00e1n sus datos a terceros, salvo que la cesi\u00f3n sea l\u00edcita conforme a lo establecido en la normativa vigente.<\/p>\n\n\n\n<p> <strong>Transferencia internacional:<\/strong> No est\u00e1n previstas transferencias internacionales de los datos. Tiempo de conservaci\u00f3n: Se conservar\u00e1n durante el tiempo necesario para cumplir con la finalidad para la que se recabaron. Ser\u00e1 de aplicaci\u00f3n lo dispuesto en la normativa de archivos y documentaci\u00f3n.<\/p>\n\n\n\n<p><strong>Derechos: <\/strong>Podr\u00e1 ejercitar los derechos de acceso, rectificaci\u00f3n, supresi\u00f3n, oposici\u00f3n, as\u00ed como otros derechos desarrollados en el Reglamento General de Protecci\u00f3n de Datos ante el Responsable a trav\u00e9s de la direcci\u00f3n postal Plaza G\u00f3mez Manrique, 21, 34004, Palencia, o v\u00eda email: nereacanteranutricionista@gmail.com <\/p>\n\n\n\n<p><strong>M\u00e1s informaci\u00f3n:<\/strong> Tiene derecho a revocar en cualquier momento el consentimiento que haya podido otorgar. Tiene derecho a presentar una reclamaci\u00f3n ante la Agencia Espa\u00f1ola de Protecci\u00f3n de Datos en el supuesto de que considere que no se ha atendido convenientemente el ejercicio de sus derechos.<\/p>\n","protected":false},"excerpt":{"rendered":"<p>Responsable: NEREA CANTERA GARC\u00cdA. Finalidades: Gestionar la relaci\u00f3n precontractual\/contractual entre las partes, as\u00ed como las comunicaciones v\u00eda correo electr\u00f3nico derivadas de la misma, proporcionarle informaci\u00f3n puntual, gestionar y ejecutar las actividades, acciones y obligaciones del Responsable. Legitimaci\u00f3n: El inter\u00e9s leg\u00edtimo por parte del Responsable, as\u00ed como las obligaciones legales que nos apliquen. Destinatarios: No se [&hellip;]<\/p>\n","protected":false},"author":1,"featured_media":0,"parent":0,"menu_order":0,"comment_status":"closed","ping_status":"closed","template":"","meta":{"_uag_custom_page_level_css":"","site-sidebar-layout":"default","site-content-layout":"","ast-site-content-layout":"","site-content-style":"default","site-sidebar-style":"default","ast-global-header-display":"","ast-banner-title-visibility":"","ast-main-header-display":"","ast-hfb-above-header-display":"","ast-hfb-below-header-display":"","ast-hfb-mobile-header-display":"","site-post-title":"","ast-breadcrumbs-content":"","ast-featured-img":"","footer-sml-layout":"","theme-transparent-header-meta":"","adv-header-id-meta":"","stick-header-meta":"","header-above-stick-meta":"","header-main-stick-meta":"","header-below-stick-meta":"","astra-migrate-meta-layouts":"default","ast-page-background-enabled":"default","ast-page-background-meta":{"desktop":{"background-color":"","background-image":"","background-repeat":"repeat","background-position":"center center","background-size":"auto","background-attachment":"scroll","background-type":"","background-media":"","overlay-type":"","overlay-color":"","overlay-opacity":"","overlay-gradient":""},"tablet":{"background-color":"","background-image":"","background-repeat":"repeat","background-position":"center center","background-size":"auto","background-attachment":"scroll","background-type":"","background-media":"","overlay-type":"","overlay-color":"","overlay-opacity":"","overlay-gradient":""},"mobile":{"background-color":"","background-image":"","background-repeat":"repeat","background-position":"center center","background-size":"auto","background-attachment":"scroll","background-type":"","background-media":"","overlay-type":"","overlay-color":"","overlay-opacity":"","overlay-gradient":""}},"ast-content-background-meta":{"desktop":{"background-color":"var(--ast-global-color-5)","background-image":"","background-repeat":"repeat","background-position":"center center","background-size":"auto","background-attachment":"scroll","background-type":"","background-media":"","overlay-type":"","overlay-color":"","overlay-opacity":"","overlay-gradient":""},"tablet":{"background-color":"var(--ast-global-color-5)","background-image":"","background-repeat":"repeat","background-position":"center center","background-size":"auto","background-attachment":"scroll","background-type":"","background-media":"","overlay-type":"","overlay-color":"","overlay-opacity":"","overlay-gradient":""},"mobile":{"background-color":"var(--ast-global-color-5)","background-image":"","background-repeat":"repeat","background-position":"center center","background-size":"auto","background-attachment":"scroll","background-type":"","background-media":"","overlay-type":"","overlay-color":"","overlay-opacity":"","overlay-gradient":""}},"footnotes":""},"class_list":["post-2491","page","type-page","status-publish","hentry"],"yoast_head":"<!-- This site is optimized with the Yoast SEO plugin v23.6 - https:\/\/yoast.com\/wordpress\/plugins\/seo\/ -->\n<title>PROTECCION DE DATOS RELATIVO A CORREOS ELECTRONICOS - Nerea Cantera - Nutricionista en Palencia y online.<\/title>\n<meta name=\"robots\" content=\"index, follow, max-snippet:-1, max-image-preview:large, max-video-preview:-1\" \/>\n<link rel=\"canonical\" href=\"https:\/\/nereacanteranutricionista.es\/index.php\/proteccion-datos-correos\/\" \/>\n<meta property=\"og:locale\" content=\"es_ES\" \/>\n<meta property=\"og:type\" content=\"article\" \/>\n<meta property=\"og:title\" content=\"PROTECCION DE DATOS RELATIVO A CORREOS ELECTRONICOS - Nerea Cantera - Nutricionista en Palencia y online.\" \/>\n<meta property=\"og:description\" content=\"Responsable: NEREA CANTERA GARC\u00cdA. Finalidades: Gestionar la relaci\u00f3n precontractual\/contractual entre las partes, as\u00ed como las comunicaciones v\u00eda correo electr\u00f3nico derivadas de la misma, proporcionarle informaci\u00f3n puntual, gestionar y ejecutar las actividades, acciones y obligaciones del Responsable. Legitimaci\u00f3n: El inter\u00e9s leg\u00edtimo por parte del Responsable, as\u00ed como las obligaciones legales que nos apliquen. Destinatarios: No se [&hellip;]\" \/>\n<meta property=\"og:url\" content=\"https:\/\/nereacanteranutricionista.es\/index.php\/proteccion-datos-correos\/\" \/>\n<meta property=\"og:site_name\" content=\"Nerea Cantera - Nutricionista en Palencia y online.\" \/>\n<meta property=\"article:modified_time\" content=\"2024-01-02T21:41:42+00:00\" \/>\n<meta name=\"twitter:card\" content=\"summary_large_image\" \/>\n<meta name=\"twitter:label1\" content=\"Tiempo de lectura\" \/>\n\t<meta name=\"twitter:data1\" content=\"1 minuto\" \/>\n<script type=\"application\/ld+json\" class=\"yoast-schema-graph\">{\"@context\":\"https:\/\/schema.org\",\"@graph\":[{\"@type\":\"WebPage\",\"@id\":\"https:\/\/nereacanteranutricionista.es\/index.php\/proteccion-datos-correos\/\",\"url\":\"https:\/\/nereacanteranutricionista.es\/index.php\/proteccion-datos-correos\/\",\"name\":\"PROTECCION DE DATOS RELATIVO A CORREOS ELECTRONICOS - Nerea Cantera - Nutricionista en Palencia y online.\",\"isPartOf\":{\"@id\":\"https:\/\/nereacanteranutricionista.es\/#website\"},\"datePublished\":\"2024-01-02T20:53:22+00:00\",\"dateModified\":\"2024-01-02T21:41:42+00:00\",\"breadcrumb\":{\"@id\":\"https:\/\/nereacanteranutricionista.es\/index.php\/proteccion-datos-correos\/#breadcrumb\"},\"inLanguage\":\"es\",\"potentialAction\":[{\"@type\":\"ReadAction\",\"target\":[\"https:\/\/nereacanteranutricionista.es\/index.php\/proteccion-datos-correos\/\"]}]},{\"@type\":\"BreadcrumbList\",\"@id\":\"https:\/\/nereacanteranutricionista.es\/index.php\/proteccion-datos-correos\/#breadcrumb\",\"itemListElement\":[{\"@type\":\"ListItem\",\"position\":1,\"name\":\"Portada\",\"item\":\"https:\/\/nereacanteranutricionista.es\/\"},{\"@type\":\"ListItem\",\"position\":2,\"name\":\"PROTECCION DE DATOS RELATIVO A CORREOS ELECTRONICOS\"}]},{\"@type\":\"WebSite\",\"@id\":\"https:\/\/nereacanteranutricionista.es\/#website\",\"url\":\"https:\/\/nereacanteranutricionista.es\/\",\"name\":\"Nerea Cantera - Nutricionista en Palencia y online.\",\"description\":\"\",\"publisher\":{\"@id\":\"https:\/\/nereacanteranutricionista.es\/#\/schema\/person\/8388f071d44817509022534eee888d9b\"},\"potentialAction\":[{\"@type\":\"SearchAction\",\"target\":{\"@type\":\"EntryPoint\",\"urlTemplate\":\"https:\/\/nereacanteranutricionista.es\/?s={search_term_string}\"},\"query-input\":{\"@type\":\"PropertyValueSpecification\",\"valueRequired\":true,\"valueName\":\"search_term_string\"}}],\"inLanguage\":\"es\"},{\"@type\":[\"Person\",\"Organization\"],\"@id\":\"https:\/\/nereacanteranutricionista.es\/#\/schema\/person\/8388f071d44817509022534eee888d9b\",\"name\":\"Nerea Cantera\",\"image\":{\"@type\":\"ImageObject\",\"inLanguage\":\"es\",\"@id\":\"https:\/\/nereacanteranutricionista.es\/#\/schema\/person\/image\/\",\"url\":\"https:\/\/nereacanteranutricionista.es\/wp-content\/uploads\/2023\/02\/cropped-cropped-cropped-ICONO-CON-LETRA-1-1.png\",\"contentUrl\":\"https:\/\/nereacanteranutricionista.es\/wp-content\/uploads\/2023\/02\/cropped-cropped-cropped-ICONO-CON-LETRA-1-1.png\",\"width\":2034,\"height\":678,\"caption\":\"Nerea Cantera\"},\"logo\":{\"@id\":\"https:\/\/nereacanteranutricionista.es\/#\/schema\/person\/image\/\"},\"sameAs\":[\"http:\/\/nereacanteranutricionista.es\"]}]}<\/script>\n<!-- \/ Yoast SEO plugin. -->","yoast_head_json":{"title":"PROTECCION DE DATOS RELATIVO A CORREOS ELECTRONICOS - Nerea Cantera - Nutricionista en Palencia y online.","robots":{"index":"index","follow":"follow","max-snippet":"max-snippet:-1","max-image-preview":"max-image-preview:large","max-video-preview":"max-video-preview:-1"},"canonical":"https:\/\/nereacanteranutricionista.es\/index.php\/proteccion-datos-correos\/","og_locale":"es_ES","og_type":"article","og_title":"PROTECCION DE DATOS RELATIVO A CORREOS ELECTRONICOS - Nerea Cantera - Nutricionista en Palencia y online.","og_description":"Responsable: NEREA CANTERA GARC\u00cdA. Finalidades: Gestionar la relaci\u00f3n precontractual\/contractual entre las partes, as\u00ed como las comunicaciones v\u00eda correo electr\u00f3nico derivadas de la misma, proporcionarle informaci\u00f3n puntual, gestionar y ejecutar las actividades, acciones y obligaciones del Responsable. Legitimaci\u00f3n: El inter\u00e9s leg\u00edtimo por parte del Responsable, as\u00ed como las obligaciones legales que nos apliquen. Destinatarios: No se [&hellip;]","og_url":"https:\/\/nereacanteranutricionista.es\/index.php\/proteccion-datos-correos\/","og_site_name":"Nerea Cantera - Nutricionista en Palencia y online.","article_modified_time":"2024-01-02T21:41:42+00:00","twitter_card":"summary_large_image","twitter_misc":{"Tiempo de lectura":"1 minuto"},"schema":{"@context":"https:\/\/schema.org","@graph":[{"@type":"WebPage","@id":"https:\/\/nereacanteranutricionista.es\/index.php\/proteccion-datos-correos\/","url":"https:\/\/nereacanteranutricionista.es\/index.php\/proteccion-datos-correos\/","name":"PROTECCION DE DATOS RELATIVO A CORREOS ELECTRONICOS - Nerea Cantera - Nutricionista en Palencia y online.","isPartOf":{"@id":"https:\/\/nereacanteranutricionista.es\/#website"},"datePublished":"2024-01-02T20:53:22+00:00","dateModified":"2024-01-02T21:41:42+00:00","breadcrumb":{"@id":"https:\/\/nereacanteranutricionista.es\/index.php\/proteccion-datos-correos\/#breadcrumb"},"inLanguage":"es","potentialAction":[{"@type":"ReadAction","target":["https:\/\/nereacanteranutricionista.es\/index.php\/proteccion-datos-correos\/"]}]},{"@type":"BreadcrumbList","@id":"https:\/\/nereacanteranutricionista.es\/index.php\/proteccion-datos-correos\/#breadcrumb","itemListElement":[{"@type":"ListItem","position":1,"name":"Portada","item":"https:\/\/nereacanteranutricionista.es\/"},{"@type":"ListItem","position":2,"name":"PROTECCION DE DATOS RELATIVO A CORREOS ELECTRONICOS"}]},{"@type":"WebSite","@id":"https:\/\/nereacanteranutricionista.es\/#website","url":"https:\/\/nereacanteranutricionista.es\/","name":"Nerea Cantera - Nutricionista en Palencia y online.","description":"","publisher":{"@id":"https:\/\/nereacanteranutricionista.es\/#\/schema\/person\/8388f071d44817509022534eee888d9b"},"potentialAction":[{"@type":"SearchAction","target":{"@type":"EntryPoint","urlTemplate":"https:\/\/nereacanteranutricionista.es\/?s={search_term_string}"},"query-input":{"@type":"PropertyValueSpecification","valueRequired":true,"valueName":"search_term_string"}}],"inLanguage":"es"},{"@type":["Person","Organization"],"@id":"https:\/\/nereacanteranutricionista.es\/#\/schema\/person\/8388f071d44817509022534eee888d9b","name":"Nerea Cantera","image":{"@type":"ImageObject","inLanguage":"es","@id":"https:\/\/nereacanteranutricionista.es\/#\/schema\/person\/image\/","url":"https:\/\/nereacanteranutricionista.es\/wp-content\/uploads\/2023\/02\/cropped-cropped-cropped-ICONO-CON-LETRA-1-1.png","contentUrl":"https:\/\/nereacanteranutricionista.es\/wp-content\/uploads\/2023\/02\/cropped-cropped-cropped-ICONO-CON-LETRA-1-1.png","width":2034,"height":678,"caption":"Nerea Cantera"},"logo":{"@id":"https:\/\/nereacanteranutricionista.es\/#\/schema\/person\/image\/"},"sameAs":["http:\/\/nereacanteranutricionista.es"]}]}},"uagb_featured_image_src":{"full":false,"thumbnail":false,"medium":false,"medium_large":false,"large":false,"1536x1536":false,"2048x2048":false},"uagb_author_info":{"display_name":"Nerea Cantera","author_link":"https:\/\/nereacanteranutricionista.es\/index.php\/author\/nereacanteranutricionistagmail-com\/"},"uagb_comment_info":0,"uagb_excerpt":"Responsable: NEREA CANTERA GARC\u00cdA. Finalidades: Gestionar la relaci\u00f3n precontractual\/contractual entre las partes, as\u00ed como las comunicaciones v\u00eda correo electr\u00f3nico derivadas de la misma, proporcionarle informaci\u00f3n puntual, gestionar y ejecutar las actividades, acciones y obligaciones del Responsable. Legitimaci\u00f3n: El inter\u00e9s leg\u00edtimo por parte del Responsable, as\u00ed como las obligaciones legales que nos apliquen. Destinatarios: No se&hellip;","_links":{"self":[{"href":"https:\/\/nereacanteranutricionista.es\/index.php\/wp-json\/wp\/v2\/pages\/2491"}],"collection":[{"href":"https:\/\/nereacanteranutricionista.es\/index.php\/wp-json\/wp\/v2\/pages"}],"about":[{"href":"https:\/\/nereacanteranutricionista.es\/index.php\/wp-json\/wp\/v2\/types\/page"}],"author":[{"embeddable":true,"href":"https:\/\/nereacanteranutricionista.es\/index.php\/wp-json\/wp\/v2\/users\/1"}],"replies":[{"embeddable":true,"href":"https:\/\/nereacanteranutricionista.es\/index.php\/wp-json\/wp\/v2\/comments?post=2491"}],"version-history":[{"count":7,"href":"https:\/\/nereacanteranutricionista.es\/index.php\/wp-json\/wp\/v2\/pages\/2491\/revisions"}],"predecessor-version":[{"id":2654,"href":"https:\/\/nereacanteranutricionista.es\/index.php\/wp-json\/wp\/v2\/pages\/2491\/revisions\/2654"}],"wp:attachment":[{"href":"https:\/\/nereacanteranutricionista.es\/index.php\/wp-json\/wp\/v2\/media?parent=2491"}],"curies":[{"name":"wp","href":"https:\/\/api.w.org\/{rel}","templated":true}]}}